5843235937 a multiple of 1155?
False
Is 973 a factor of 9701383?
False
Is 485411474 a multiple of 999?
False
Is 6252 a factor of 932864653?
False
Does 9 divide 729062694?
True
Is 520461472 a multiple of 4588?
False
Is 33 a factor of 271172527?
False
Is 914 a factor of 300421746?
True
Is 274 a factor of 62375071?
False
Does 146 divide 61153605?
False
Is 5823 a factor of 1483275321?
True
Is 182736058 a multiple of 4?
False
Is 52 a factor of 5639013663?
False
Is 12 a factor of 1294428?
True
Is 15 a factor of 3355732362?
False
Is 419 a factor of 35148471?
False
Does 548 divide 629786625?
False
Is 7 a factor of 33686196?
False
Is 209 a factor of 17209624?
False
Is 4987406 a multiple of 39?
False
Does 12 divide 1150315077?
False
Does 54 divide 363198476?
False
Does 1685 divide 50449610?
False
Does 16 divide 37101744?
True
Is 1190 a factor of 907297059?
False
Does 675 divide 16278300?
True
Is 2781727043 a multiple of 362?
False
Is 1138649769 a multiple of 569?
False
Does 19 divide 559898013?
False
Is 556885806 a multiple of 158?
False
Is 3796 a factor of 207956690?
False
Does 3 divide 33723102?
True
Is 23656731 a multiple of 32?
False
Is 261 a factor of 40872152?
False
Is 710 a factor of 781429040?
False
Is 1529407243 a multiple of 13?
True
Is 355214372 a multiple of 4440?
False
Is 46800188 a multiple of 285?
False
Is 72 a factor of 2319660980?
False
Does 30 divide 2065992000?
True
Is 225 a factor of 187772175?
True
Is 9 a factor of 24975590?
False
Is 67328478 a multiple of 287?
True
Is 46 a factor of 15498281?
False
Is 330 a factor of 33810150?
True
Is 51739700 a multiple of 328?
False
Is 63 a factor of 424813347?
True
Is 95309808 a multiple of 451?
False
Is 284403840 a multiple of 60?
True
Is 113314444 a multiple of 649?
False
Does 413 divide 576752851?
False
Is 274 a factor of 182840699?
False
Is 485916480 a multiple of 840?
True
Is 1300359528 a multiple of 6012?
True
Is 15087613 a multiple of 648?
False
Is 11 a factor of 2043808331?
False
Is 22 a factor of 358363459?
False
Is 1213466 a multiple of 90?
False
Is 1225 a factor of 411432991?
False
Is 32743905 a multiple of 201?
True
Is 17399710 a multiple of 29?
True
Does 2554 divide 185453317?
False
Does 21 divide 1592107545?
True
Does 2 divide 9082402?
True
Is 49747696 a multiple of 122?
True
Does 23 divide 41048?
False
Does 166 divide 43163984?
True
Is 8215452 a multiple of 434?
False
Is 11 a factor of 528454836?
False
Does 530 divide 115500532?
False
Is 93462215 a multiple of 145?
True
Is 49044135 a multiple of 197?
True
Is 3503868 a multiple of 6?
True
Is 101 a factor of 3669362?
False
Is 18717410 a multiple of 5?
True
Does 9 divide 14506974?
True
Does 46 divide 14116986?
True
Is 99563456 a multiple of 73?
False
Does 110 divide 1796361160?
True
Is 4222291520 a multiple of 10?
True
Is 1211775274 a multiple of 8239?
False
Is 37556298 a multiple of 1377?
True
Is 114 a factor of 193331802?
True
Is 436096584 a multiple of 11?
True
Does 160 divide 156939796?
False
Is 16 a factor of 17487880?
False
Is 667625508 a multiple of 1058?
True
Is 7795980 a multiple of 15?
True
Does 25 divide 25959725?
True
Does 2999 divide 543132811?
False
Is 3605 a factor of 375900560?
True
Is 219 a factor of 873539884?
False
Is 1370571025 a multiple of 25?
True
Is 312610 even?
True
Is 197202014 a multiple of 8?
False
Does 25 divide 34753525?
True
Is 59003273 a multiple of 1379?
True
Does 1023 divide 1955976?
True
Is 16848546 a multiple of 438?
True
Is 170308744 a multiple of 3242?
True
Does 546 divide 36927048?
False
Is 1434363460 a multiple of 185?
True
Is 133639605 a multiple of 3069?
True
Is 3021897168 a multiple of 16?
True
Does 137 divide 7369761?
False
Does 627 divide 408804?
True
Does 31 divide 179285905?
False
Is 9 a factor of 6562565?
False
Is 301767448 a multiple of 8?
True
Is 245693033 a multiple of 1398?
False
Is 1699 a factor of 160773459?
False
Is 4 a factor of 1210720?
True
Is 7133542 a multiple of 1817?
True
Does 2954 divide 86234855?
False
Does 1203 divide 676238612?
False
Is 20 a factor of 10158460?
True
Is 228 a factor of 64813042?
False
Is 13786195 a multiple of 2?
False
Is 12960 a factor of 1665299378?
False
Does 87 divide 10980894?
False
Does 58 divide 103393410?
True
Does 156 divide 127871016?
True
Is 15041880 a multiple of 630?
True
Is 28 a factor of 133655322?
False
Is 29004938 a multiple of 150?
False
Does 492 divide 2463848253?
False
Is 481474448 a multiple of 137?
False
Does 902 divide 33884532?
True
Is 3830 a factor of 231787770?
True
Is 486092185 a multiple of 1406?
False
Is 5134747 a multiple of 49?
False
Is 62 a factor of 19240701?
False
Does 16 divide 66890978?
False
Does 14 divide 1470952854?
True
Is 79053369 a multiple of 69?
True
Is 8 a factor of 92986525?
False
Is 27 a factor of 37807700?
False
Is 42 a factor of 246402567?
False
Is 388352147 a multiple of 11?
False
Is 379 a factor of 13005455?
False
Is 268818336 a multiple of 24?
True
Does 216 divide 5253221457?
False
Is 4037 a factor of 95224756?
True
Is 27729429 a multiple of 5?
False
Is 6300117 a multiple of 51?
False
Does 627 divide 58858998?
True
Does 3 divide 147233859?
True
Does 18 divide 184470840?
True
Does 4781 divide 23154383?
True
Is 1654778400 a multiple of 440?
True
Is 12450190 a multiple of 12?
False
Is 74 a factor of 42690378?
True
Does 158 divide 417685324?
True
Is 4914 a factor of 752412024?
True
Is 3 a factor of 25908677?
False
Does 80 divide 32300560?
True
Is 24317654 a multiple of 204?
False
Is 630 a factor of 56210490?
True
Is 353884282 a multiple of 712?
False
Is 1261 a factor of 278065723?
False
Is 30 a factor of 3683910?
True
Is 203 a factor of 1148120467?
False
Is 468286917 a multiple of 1334?
False
Is 90 a factor of 20640510?
True
Is 966736229 a multiple of 2966?
False
Does 5 divide 17128633?
False
Is 2323 a factor of 37414238?
True
Is 1303 a factor of 23076130?
True
Is 1165101603 a multiple of 173?
False
Is 1995321766 a multiple of 16?
False
Is 90 a factor of 24588090?
True
Does 8 divide 12355011?
False
Does 349 divide 60849629?
False
Does 718 divide 11342758?
False
Is 2680388428 a multiple of 634?
True
Does 528 divide 1475766123?
False
Is 2321 a factor of 1640947?
True
Is 3 a factor of 4372704?
True
Is 2154112319 a multiple of 18?
False
Is 3933888 a multiple of 6?
True
Does 551 divide 6525485?
False
Does 84 divide 53230212?
True
Is 643 a factor of 78629092?
False
Is 79088320 a multiple of 4720?
True
Is 45446772 a multiple of 84?
True
Does 70 divide 13964239?
False
Is 81044892 a multiple of 292?
True
Is 1733010281 a multiple of 164?
False
Does 14 divide 34498523?
False
Is 750 a factor of 161088178?
False
Is 1178 a factor of 86423640?
False
Is 83931512 a multiple of 532?
True
Is 170 a factor of 368741390?
True
Does 17 divide 526640796?
False
Is 98431846 a multiple of 5539?
False
Is 152 a factor of 29229448?
True
Is 161423480 a multiple of 556?
True
Is 6497 a factor of 362902929?
True
Is 118605312 a multiple of 128?
True
Does 732 divide 11337216?
True
Does 252 divide 68508705?
False
Does 55 divide 23988199?
False
Does 54 divide 26388612?
True
Is 15 a factor of 126976939?
False
Is 18 a factor of 146349324?
True
Does 50 divide 1053335913?
False
Does 162 divide 2637226095?
False
Is 201 a factor of 219080151?
True
Does 48 divide 45613728?
True
Is 25902849 a multiple of 21?
True
Is 1613 a factor of 320820227?
False
Is 3 a factor of 13888100?
False
Is 127426273 a multiple of 672?
False
Does 478 divide 2480371760?
False
Does 257 divide 1082878238?
True
Does 517 divide 170938812?
True
Is 4042514 a multiple of 4?
False
Does 1018 divide 1830676958?
False
Is 25 a factor of 11382426?
False
Is 3892 a factor of 1162408072?
True
Is 833513086 a multiple of 226?
True
Is 32779876 a multiple of 63?
False
Is 53952156 a multiple of 62?
False
Does 902 divide 21424304?
True
Does 35 divide 79821350?
True
Is 445 a factor of 45568548?
False
Is 4962 a factor of 632129028?
True
Is 2 a factor of 14825488?
True
Does 78 divide 54789462?
True
Is 90 a factor of 10133370?
True
Is 855 a factor of 16697734?
False
Is 238192090 a multiple of 449?
False
Is 2391901377 a multiple of 51?
True
Is 528734454 a multiple of 15?
False
Is 916554811 a multiple of 14?
False
Does 7011 divide 82715778?
True
Is 291585052 a multiple of 44?
True
Is 2635 a factor 